False
Is 29 a factor of 28608?
False
Is 1076 a multiple of 15?
False
Is 7453 a multiple of 23?
False
Is 147 a multiple of 5?
False
Does 23 divide 874?
True
Does 27 divide 54?
True
Is 7734 a multiple of 175?
False
Does 12 divide 989?
False
Is 55 a factor of 613?
False
Does 34 divide 22640?
False
Does 28 divide 252?
True
Does 26 divide 1282?
False
Does 11 divide 33?
True
Does 35 divide 18110?
False
Is 944 a multiple of 34?
False
Is 72389 a multiple of 285?
False
Is 21 a factor of 315?
True
Is 17 a factor of 986?
True
Is 3102 a multiple of 5?
False
Is 1171 a multiple of 26?
False
Is 4077 a multiple of 27?
True
Is 8 a factor of 13252?
False
Is 1053 a multiple of 81?
True
Is 690 a multiple of 23?
True
Is 4 a factor of 418?
False
Is 109 a factor of 26813?
False
Is 14 a factor of 2227?
False
Is 2398 a multiple of 9?
False
Is 8 a factor of 6761?
False
Does 20 divide 16963?
False
Does 4 divide 1125?
False
Is 29 a factor of 49719?
False
Does 9 divide 9451?
False
Is 3910 a multiple of 17?
True
Is 1457 a multiple of 88?
False
Is 16 a factor of 13379?
False
Is 75240 a multiple of 36?
True
Does 35 divide 1593?
False
Does 8 divide 3946?
False
Is 29 a factor of 14065?
True
Is 296 a multiple of 37?
True
Does 27 divide 1303?
False
Is 22 a factor of 484?
True
Does 26 divide 1794?
True
Is 8 a factor of 768?
True
Does 18 divide 28890?
True
Is 34 a factor of 9446?
False
Is 43633 a multiple of 261?
False
Is 32 a factor of 12490?
False
Does 14 divide 43058?
False
Is 22 a factor of 17542?
False
Is 26 a factor of 694?
False
Is 14 a factor of 21224?
True
Does 8 divide 157?
False
Is 516 a multiple of 33?
False
Is 17 a factor of 2346?
True
Is 23 a factor of 2369?
True
Is 79 a factor of 9063?
False
Does 27 divide 5018?
False
Is 281 a multiple of 41?
False
Is 25 a factor of 366?
False
Is 21 a factor of 37853?
False
Is 5 a factor of 5140?
True
Is 11 a factor of 24341?
False
Is 50101 a multiple of 6?
False
Is 19427 a multiple of 13?
False
Does 13 divide 1205?
False
Is 39 a factor of 3315?
True
Is 34 a factor of 272?
True
Is 4320 a multiple of 72?
True
Does 13 divide 7916?
False
Is 6475 a multiple of 35?
True
Is 2376 a multiple of 24?
True
Is 2290 a multiple of 10?
True
Is 75 a factor of 4800?
True
Does 2 divide 59?
False
Is 4 a factor of 42556?
True
Is 12888 a multiple of 8?
True
Is 30 a factor of 251?
False
Is 3 a factor of 440?
False
Does 18 divide 3132?
True
Does 27 divide 199?
False
Is 1430 a multiple of 22?
True
Does 18 divide 373?
False
Is 45999 a multiple of 9?
True
Does 33 divide 2805?
True
Is 1896 a multiple of 19?
False
Does 38 divide 13642?
True
Does 14 divide 274?
False
Does 17 divide 2343?
False
Is 75 a factor of 15773?
False
Is 180 a multiple of 5?
True
Is 130 a factor of 208?
False
Does 20 divide 1063?
False
Is 45 a factor of 45?
True
Does 5 divide 1640?
True
Is 2523 a multiple of 3?
True
Is 16 a factor of 3056?
True
Is 11 a factor of 472?
False
Is 1871 a multiple of 6?
False
Is 517 a multiple of 103?
False
Is 11 a factor of 165?
True
Is 6390 a multiple of 90?
True
Does 3 divide 640?
False
Is 750 a multiple of 25?
True
Is 8 a factor of 79?
False
Is 14 a factor of 307?
False
Is 30 a factor of 7849?
False
Is 23222 a multiple of 130?
False
Is 36558 a multiple of 9?
True
Is 4682 a multiple of 36?
False
Is 22 a factor of 2354?
True
Is 54240 a multiple of 24?
True
Is 10375 a multiple of 108?
False
Does 30 divide 690?
True
Is 93 a factor of 1116?
True
Does 19 divide 22276?
False
Is 5 a factor of 13846?
False
Is 30 a factor of 74?
False
Does 82 divide 1394?
True
Does 4 divide 12480?
True
Is 5 a factor of 1038?
False
Does 6 divide 126?
True
Is 87 a factor of 12180?
True
Is 6 a factor of 228?
True
Is 38192 a multiple of 124?
True
Is 528 a multiple of 88?
True
Is 63 a factor of 1815?
False
Is 18 a factor of 900?
True
Does 58 divide 11194?
True
Is 1815 a multiple of 121?
True
Does 17 divide 48812?
False
Does 17 divide 19127?
False
Does 37 divide 1173?
False
Is 8514 a multiple of 86?
True
Is 35 a factor of 840?
True
Is 4002 a multiple of 67?
False
Does 111 divide 999?
True
Is 36380 a multiple of 121?
False
Is 31 a factor of 2108?
True
Is 3098 a multiple of 3?
False
Does 5 divide 8025?
True
Does 18 divide 1512?
True
Is 2011 a multiple of 17?
False
Is 464 a multiple of 2?
True
Does 32 divide 768?
True
Is 155 a factor of 22454?
False
Is 42 a factor of 1176?
True
Is 37908 a multiple of 13?
True
Does 78 divide 4290?
True
Does 27 divide 2673?
True
Is 74956 a multiple of 177?
False
Is 32 a factor of 736?
True
Does 13 divide 806?
True
Does 34 divide 3705?
False
Is 2607 a multiple of 13?
False
Is 4845 a multiple of 95?
True
Is 39 a factor of 1107?
False
Is 2805 a multiple of 85?
True
Is 17 a factor of 46693?
False
Is 127 even?
False
Is 1485 a multiple of 9?
True
Does 26 divide 73?
False
Is 11 a factor of 12339?
False
Does 133 divide 2027?
False
Is 21 a factor of 650?
False
Is 43363 a multiple of 41?
False
Does 22 divide 56250?
False
Is 51 a factor of 3406?
False
Is 800 a multiple of 16?
True
Is 5 a factor of 165?
True
Is 177 a multiple of 11?
False
Is 21 a factor of 92?
False
Is 1402 even?
True
Is 3290 a multiple of 47?
True
Is 15796 a multiple of 169?
False
Is 14268 a multiple of 191?
False
Does 57 divide 81038?
False
Is 2898 a multiple of 21?
True
Does 18 divide 91251?
False
Is 6 a factor of 1794?
True
Is 8 a factor of 504?
True
Is 10 a factor of 3460?
True
Is 20250 a multiple of 75?
True
Does 33 divide 307?
False
Does 15 divide 838?
False
Is 6840 a multiple of 15?
True
Is 5162 a multiple of 15?
False
Is 6 a factor of 665?
False
Is 46 a factor of 1044?
False
Does 19 divide 209?
True
Does 83 divide 8683?
False
Does 28 divide 2044?
True
Is 4 a factor of 4?
True
Is 5177 a multiple of 167?
True
Does 37 divide 619?
False
Is 12 a factor of 2034?
False
Does 16 divide 688?
True
Is 8 a factor of 8029?
False
Does 19 divide 10469?
True
Is 18655 a multiple of 23?
False
Is 19595 a multiple of 226?
False
Is 15 a factor of 703?
False
Is 2814 a multiple of 42?
True
Is 28 a factor of 1446?
False
Is 144 a multiple of 8?
True
Is 6820 a multiple of 110?
True
Is 3680 a multiple of 40?
True
Does 10 divide 11549?
False
Is 24 a factor of 764?
False
Is 12 a factor of 708?
True
Does 9 divide 207?
True
Does 241 divide 25569?
False
Is 4100 a multiple of 205?
True
Is 7972 a multiple of 207?
False
Does 105 divide 1749?
False
Is 9 a factor of 72267?
False
Does 25 divide 269?
False
Is 2800 a multiple of 80?
True
Does 12 divide 14568?
True
Does 7 divide 30942?
False
Is 106 a factor of 11460?
False
Is 20474 a multiple of 53?
False
Is 91 a multiple of 7?
True
Is 25 a factor of 19864?
False
Is 11 a factor of 5029?
False
Is 16 a factor of 191?
False
Does 126 divide 15536?
False
Is 37742 a multiple of 109?
False
Is 44555 a multiple of 19?
True
Does 17 divide 280?
False
Is 5 a factor of 85?
True
Is 309 a multiple of 13?
False
Is 35 a factor of 44625?
True
Is 1232 a multiple of 63?
False
Is 276 a factor of 40848?
True
Does 38 divide 1381?
False
Is 2 a factor of 22?
True
Is 38 a factor of 13571?
False
Does 6 divide 561?
False
Does 15 divide 49155?
True
Is 5588 a multiple of 127?
True
Is 14904 a multiple of 23?
True
Is 21 a factor of 23913?
False
Is 6 a factor of 6?
True
Does 8 divide 34?
False
Is 198 a factor of 57275?
False
Is 4410 a multiple of 38?
False
Is 40 a multiple of 20?
True
Is 44 a factor of 308?
True
Is 61 a factor of 305?
True
Does 13 divide 470?
False
Is 429 a multiple of 8?
False
Does 51 divide 2193?
True
Is 17685 a multiple of 53?
False
Does 74 divide 224?
False
Does 10 divide 704?
False
Is 1035 a multiple of 23?
True
Is 312 a multiple of 50?
False
Is 2 a factor of 12292?
True
Is 5208 a multiple of 31?
True
Does 39 divide 1092?
True
Is 480 a multiple of 12?
True
Is 20 a factor of 375?
False
Does 288 divide 59328?
True
Does 5 divide 39510?
True
Is 114 a factor of 1261?
False
Is 9178 a multiple of 13?
True
Does 143 divide 11440?
True
Does 12 divide 35664?
True
Is 1079 a multiple of 13?
True
Does 23 divide 259?
False
Is 3 a factor of 840?
True
Does 40 divide 32749?
False
Is 744 a multiple of 31?
True
Is 378 a multiple of 7?
True
Does 21 divide 1468?
False
Is 23 a factor of 1034?
False
Does 2 divide 405?
False
Is 798 a multiple of 7?
True
Does 65 divide 2860?
True
Is 4 a multiple of 3?
False
Is 14 a fact